{"id":4900,"date":"2025-05-16T13:16:24","date_gmt":"2025-05-16T13:16:24","guid":{"rendered":"https:\/\/kadzekim.com\/?page_id=4900"},"modified":"2025-10-03T16:52:29","modified_gmt":"2025-10-03T16:52:29","slug":"surdurulebilirlik-cozumleri","status":"publish","type":"page","link":"https:\/\/kadzekim.com\/?page_id=4900","title":{"rendered":"S\u00fcrd\u00fcr\u00fclebilirlik \u00c7\u00f6z\u00fcmleri"},"content":{"rendered":"\t\t<div data-elementor-type=\"wp-page\" data-elementor-id=\"4900\" class=\"elementor elementor-4900\">\n\t\t\t\t<div class=\"elementor-element elementor-element-9aa1163 e-flex e-con-boxed default-style e-con e-parent\" data-id=\"9aa1163\" data-element_type=\"container\" data-settings=\"{&quot;rt_color_sets&quot;:&quot;default-style&quot;}\">\n\t\t\t\t\t<div class=\"e-con-inner\">\n\t\t\t\t<div class=\"elementor-element elementor-element-887c9d6 elementor-widget elementor-widget-text-editor\" data-id=\"887c9d6\" data-element_type=\"widget\" data-widget_type=\"text-editor.default\">\n\t\t\t\t<div class=\"elementor-widget-container\">\n\t\t\t\t\t\t\t\t\t<h2 data-start=\"281\" data-end=\"316\">S\u00fcrd\u00fcr\u00fclebilirlik \u00c7\u00f6z\u00fcmleri<\/h2><p data-start=\"317\" data-end=\"382\"><strong data-start=\"317\" data-end=\"382\">Gelece\u011fe Sorumlulukla Y\u00f6n Vermek \u0130\u00e7in Bug\u00fcnden Harekete Ge\u00e7in<\/strong><\/p><p data-start=\"384\" data-end=\"761\">G\u0131da \u00fcretimi, d\u00fcnyadaki do\u011fal kaynaklar\u0131n en yo\u011fun kullan\u0131ld\u0131\u011f\u0131 sekt\u00f6rlerden biridir. Su, enerji, hammadde, ambalaj ve emisyon gibi fakt\u00f6rler hem \u00e7evre \u00fczerinde bask\u0131 olu\u015fturur hem de \u00fcreticiler i\u00e7in artan maliyetler anlam\u0131na gelir. Biz bu noktada, s\u00fcrd\u00fcr\u00fclebilirli\u011fi yaln\u0131zca bir \u00e7evre politikas\u0131 de\u011fil; <strong data-start=\"689\" data-end=\"740\">verimlilik, yasal uyum ve marka itibar\u0131 kazanc\u0131<\/strong> olarak ele al\u0131yoruz.<\/p><p data-start=\"763\" data-end=\"930\">Sundu\u011fumuz s\u00fcrd\u00fcr\u00fclebilirlik \u00e7\u00f6z\u00fcmleri ile hem do\u011fal kaynaklar\u0131n korunmas\u0131na katk\u0131 sa\u011fl\u0131yor, hem de i\u015fletmenizin \u00fcretim maliyetlerini ve \u00e7evresel etkisini azalt\u0131yoruz.<\/p><hr data-start=\"932\" data-end=\"935\" \/><h3 data-start=\"937\" data-end=\"968\">Neden S\u00fcrd\u00fcr\u00fclebilirlik?<\/h3><ul data-start=\"970\" data-end=\"1258\"><li data-start=\"970\" data-end=\"1002\"><p data-start=\"972\" data-end=\"1002\">Artan enerji ve su maliyetleri<\/p><\/li><li data-start=\"1003\" data-end=\"1058\"><p data-start=\"1005\" data-end=\"1058\">T\u00fcketicilerin \u00e7evreye duyarl\u0131 markalar\u0131 tercih etmesi<\/p><\/li><li data-start=\"1059\" data-end=\"1122\"><p data-start=\"1061\" data-end=\"1122\">Avrupa Ye\u015fil Mutabakat\u0131 (Green Deal) gibi reg\u00fclasyonlara uyum<\/p><\/li><li data-start=\"1123\" data-end=\"1176\"><p data-start=\"1125\" data-end=\"1176\">Karbon ayak izi ve su ayak izinin minimize edilmesi<\/p><\/li><li data-start=\"1177\" data-end=\"1258\"><p data-start=\"1179\" data-end=\"1258\">S\u0131f\u0131r at\u0131k, \u00e7evre etiketi, ISO 14001 gibi belgelerle rekabet avantaj\u0131 elde etme<\/p><\/li><\/ul><p data-start=\"1260\" data-end=\"1395\">Bu nedenlerle art\u0131k s\u00fcrd\u00fcr\u00fclebilir \u00fcretim bir tercih de\u011fil, zorunluluk haline geldi. Ve biz bu d\u00f6n\u00fc\u015f\u00fcm s\u00fcrecinde firman\u0131z\u0131n yan\u0131nday\u0131z.<\/p><hr data-start=\"1397\" data-end=\"1400\" \/><h3 data-start=\"1402\" data-end=\"1452\">Proses Bazl\u0131 S\u00fcrd\u00fcr\u00fclebilirlik Uygulamalar\u0131<\/h3><p data-start=\"1454\" data-end=\"1561\">\u00dcretim s\u00fcrecinizin her ad\u0131m\u0131n\u0131 analiz ederek enerji ve kaynak kullan\u0131m\u0131n\u0131 optimize ediyoruz.<br data-start=\"1546\" data-end=\"1549\" \/>Bu kapsamda:<\/p><ul data-start=\"1563\" data-end=\"2046\"><li data-start=\"1563\" data-end=\"1650\"><p data-start=\"1565\" data-end=\"1650\"><strong data-start=\"1565\" data-end=\"1592\">Enerji t\u00fcketimi analizi<\/strong>: Hat bazl\u0131 t\u00fcketim takibi, enerji verimlilik haritalar\u0131<\/p><\/li><li data-start=\"1651\" data-end=\"1742\"><p data-start=\"1653\" data-end=\"1742\"><strong data-start=\"1653\" data-end=\"1682\">Su t\u00fcketimi optimizasyonu<\/strong>: Geri kazan\u0131m sistemleri, ak\u0131\u015f kontrol\u00fc, gri su kullan\u0131m\u0131<\/p><\/li><li data-start=\"1743\" data-end=\"1838\"><p data-start=\"1745\" data-end=\"1838\"><strong data-start=\"1745\" data-end=\"1761\">At\u0131k azaltma<\/strong>: Fire y\u00f6netimi, organik at\u0131k ayr\u0131\u015ft\u0131rma, \u00fcretim planlamas\u0131yla fire d\u00fc\u015f\u00fcrme<\/p><\/li><li data-start=\"1839\" data-end=\"1940\"><p data-start=\"1841\" data-end=\"1940\"><strong data-start=\"1841\" data-end=\"1882\">Buhar ve s\u0131cakl\u0131k kay\u0131plar\u0131n\u0131 azaltma<\/strong>: \u0130zolasyon iyile\u015ftirmeleri, \u0131s\u0131 geri kazan\u0131m sistemleri<\/p><\/li><li data-start=\"1941\" data-end=\"2046\"><p data-start=\"1943\" data-end=\"2046\"><strong data-start=\"1943\" data-end=\"1978\">CIP\/SIP su-enerji optimizasyonu<\/strong>: Temizlik frekanslar\u0131n\u0131n planlanmas\u0131 ve kimyasal dozlama sistemleri<\/p><\/li><\/ul><p data-start=\"2048\" data-end=\"2153\">Her i\u015fletme i\u00e7in \u00f6zel geli\u015ftirdi\u011fimiz bu \u00e7\u00f6z\u00fcmler sayesinde hem do\u011faya hem de b\u00fct\u00e7enize katk\u0131 sa\u011fl\u0131yoruz.<\/p><hr data-start=\"2155\" data-end=\"2158\" \/><h3 data-start=\"2160\" data-end=\"2212\">Do\u011fa Dostu Katk\u0131lar ve Temiz Etiket Yakla\u015f\u0131m\u0131<\/h3><p data-start=\"2214\" data-end=\"2301\">S\u00fcrd\u00fcr\u00fclebilirlik yaln\u0131zca proses de\u011fil, <strong data-start=\"2255\" data-end=\"2271\">\u00fcr\u00fcn i\u00e7eri\u011fi<\/strong> ile de ilgilidir. Bu nedenle:<\/p><ul data-start=\"2303\" data-end=\"2540\"><li data-start=\"2303\" data-end=\"2366\"><p data-start=\"2305\" data-end=\"2366\">Sentetik koruyucular yerine fermente \u00f6zl\u00fc do\u011fal koruyucular<\/p><\/li><li data-start=\"2367\" data-end=\"2415\"><p data-start=\"2369\" data-end=\"2415\">Sentetik boyalar yerine do\u011fal renk vericiler<\/p><\/li><li data-start=\"2416\" data-end=\"2478\"><p data-start=\"2418\" data-end=\"2478\">Palm ya\u011f\u0131 yerine s\u00fcrd\u00fcr\u00fclebilir kaynakl\u0131 alternatif ya\u011flar<\/p><\/li><li data-start=\"2479\" data-end=\"2540\"><p data-start=\"2481\" data-end=\"2540\">D\u00fc\u015f\u00fck \u00e7evresel etki b\u0131rakan ambalaj uyumlu \u00fcr\u00fcn bile\u015fenleri<\/p><\/li><\/ul><p data-start=\"2542\" data-end=\"2673\">gibi fonksiyonel ve do\u011fa dostu i\u00e7erikler sunuyoruz. Bu i\u00e7erikler, temiz etiket (clean label) beklentisine de do\u011frudan katk\u0131 sa\u011flar.<\/p><hr data-start=\"2675\" data-end=\"2678\" \/><h3 data-start=\"2680\" data-end=\"2728\">Karbon Ayak \u0130zi ve Raporlama Dan\u0131\u015fmanl\u0131\u011f\u0131<\/h3><p data-start=\"2730\" data-end=\"2916\">Art\u0131k sadece \u00fcretmek de\u011fil, <strong data-start=\"2758\" data-end=\"2791\">nas\u0131l \u00fcretti\u011finizi belgelemek<\/strong> de \u00f6nemli. \u00d6zellikle Avrupa pazar\u0131na y\u00f6nelik \u00e7al\u0131\u015fan firmalar i\u00e7in karbon ve s\u00fcrd\u00fcr\u00fclebilirlik raporlar\u0131 b\u00fcy\u00fck \u00f6nem ta\u015f\u0131yor.<\/p><p data-start=\"2918\" data-end=\"2928\">Bu konuda:<\/p><ul data-start=\"2930\" data-end=\"3127\"><li data-start=\"2930\" data-end=\"2959\"><p data-start=\"2932\" data-end=\"2959\">Karbon ayak izi hesaplama<\/p><\/li><li data-start=\"2960\" data-end=\"2991\"><p data-start=\"2962\" data-end=\"2991\">Su ayak izi de\u011ferlendirmesi<\/p><\/li><li data-start=\"2992\" data-end=\"3035\"><p data-start=\"2994\" data-end=\"3035\">ISO 14001 \/ ISO 50001 uyum dan\u0131\u015fmanl\u0131\u011f\u0131<\/p><\/li><li data-start=\"3036\" data-end=\"3076\"><p data-start=\"3038\" data-end=\"3076\">S\u0131f\u0131r at\u0131k belgesi i\u00e7in yol haritas\u0131<\/p><\/li><li data-start=\"3077\" data-end=\"3127\"><p data-start=\"3079\" data-end=\"3127\">S\u00fcrd\u00fcr\u00fclebilirlik performans raporu haz\u0131rlanmas\u0131<\/p><\/li><\/ul><p data-start=\"3129\" data-end=\"3266\">alanlar\u0131nda uzman dan\u0131\u015fmanl\u0131k sunuyoruz. Bu sayede hem ihracat engellerini a\u015fman\u0131za hem de kurumsal itibar\u0131 art\u0131rman\u0131za katk\u0131 sa\u011fl\u0131yoruz.<\/p><hr data-start=\"3268\" data-end=\"3271\" \/><h3 data-start=\"3273\" data-end=\"3322\">\u00c7evreci \u00dcretim i\u00e7in Teknoloji Entegrasyonu<\/h3><p data-start=\"3324\" data-end=\"3435\">S\u00fcrd\u00fcr\u00fclebilirli\u011fin bir di\u011fer boyutu ise dijitalle\u015fme ile gelen <strong data-start=\"3388\" data-end=\"3416\">ak\u0131ll\u0131 \u00fcretim sistemleri<\/strong>dir. Bu do\u011frultuda:<\/p><ul data-start=\"3437\" data-end=\"3652\"><li data-start=\"3437\" data-end=\"3497\"><p data-start=\"3439\" data-end=\"3497\">Enerji ve su kullan\u0131m\u0131n\u0131 canl\u0131 izleyen sens\u00f6r sistemleri<\/p><\/li><li data-start=\"3498\" data-end=\"3548\"><div id=\"text-diff-output-e3ta0gc-text-diff-line-446\" class=\"diff-row_blockEnd__1sxXP\"><div class=\"diff-row_container__6SZ2s diff-row_start__FynVA diff-row_end__OJRO0\"><div class=\"diff-row_row__w1q2w\"><div class=\"diff-line-side side-right diff-row_innerContent__oB_7v diff-row_side__RADzD\"><div class=\"diff-row_sideInner__8lazg\"><div class=\"diff-row-content_content__6yjE1 diff-row-content_inserted__cG8ue diff-row-content_start__uy5SE diff-row-content_end__5Q3g4 undefined\"><span class=\"diff-chunk_chunk__3TftP undefined\">At\u0131k y\u00f6netimi takibi i\u00e7in dijital <\/span><span class=\"diff-chunk_chunk__3TftP diff-chunk_inserted__h6DOS\">kontrol panelleri<\/span><\/div><\/div><\/div><\/div><\/div><\/div><div class=\"diff-block_mergeControlContainer__Giher\"><div class=\"\"><div class=\"merge-block-control_outerContainer__hRqoI\">\u00a0<\/div><\/div><\/div><\/li><li data-start=\"3549\" data-end=\"3606\"><p data-start=\"3551\" data-end=\"3606\">\u00dcretim kay\u0131plar\u0131n\u0131 analiz eden verimlilik yaz\u0131l\u0131mlar\u0131<\/p><\/li><li data-start=\"3607\" data-end=\"3652\"><p data-start=\"3609\" data-end=\"3652\">Ger\u00e7ek zamanl\u0131 s\u00fcrd\u00fcr\u00fclebilirlik KPI takibi<\/p><\/li><\/ul><p data-start=\"3654\" data-end=\"3726\">gibi teknolojilerle \u00fcretiminizi \u00e7evreci ve izlenebilir hale getiriyoruz.<\/p><hr data-start=\"3728\" data-end=\"3731\" \/><h3 data-start=\"3733\" data-end=\"3790\">Marka De\u011ferine Katk\u0131: T\u00fcketici Alg\u0131s\u0131 ve Pazarlama<\/h3><p data-start=\"3792\" data-end=\"4062\">S\u00fcrd\u00fcr\u00fclebilirli\u011fe yat\u0131r\u0131m yapmak, sadece \u00fcretim giderlerini azaltmakla kalmaz; ayn\u0131 zamanda t\u00fcketici nezdinde bir <strong data-start=\"3907\" data-end=\"3926\">de\u011fer \u00f6nerisine<\/strong> d\u00f6n\u00fc\u015f\u00fcr. \u00c7evreci \u00fcr\u00fcnler, do\u011fa dostu \u00fcretim hik\u00e2yeleri ve \u015feffaf tedarik zinciri gibi unsurlar, markan\u0131z\u0131n hik\u00e2yesini daha g\u00fc\u00e7l\u00fc k\u0131lar.<\/p><p data-start=\"4064\" data-end=\"4264\">Biz bu s\u00fcre\u00e7te, sadece teknik de\u011fil; ayn\u0131 zamanda pazarlama ve ileti\u015fim taraf\u0131nda da dan\u0131\u015fmanl\u0131k sunuyoruz. S\u00fcrd\u00fcr\u00fclebilirli\u011fe yat\u0131r\u0131m\u0131n\u0131z\u0131 m\u00fc\u015fterilerinize do\u011fru anlat\u0131n, farkl\u0131la\u015f\u0131n ve g\u00fcven kazan\u0131n.<\/p>\t\t\t\t\t\t\t\t<\/div>\n\t\t\t\t<\/div>\n\t\t\t\t\t<\/div>\n\t\t\t\t<\/div>\n\t\t\t\t<\/div>\n\t\t","protected":false},"excerpt":{"rendered":"<p>S\u00fcrd\u00fcr\u00fclebilirlik \u00c7\u00f6z\u00fcmleri Gelece\u011fe Sorumlulukla Y\u00f6n Vermek \u0130\u00e7in Bug\u00fcnden Harekete Ge\u00e7in G\u0131da \u00fcretimi, d\u00fcnyadaki do\u011fal kaynaklar\u0131n en yo\u011fun kullan\u0131ld\u0131\u011f\u0131 sekt\u00f6rlerden biridir. Su, enerji, hammadde, ambalaj ve emisyon gibi fakt\u00f6rler hem \u00e7evre \u00fczerinde bask\u0131 olu\u015fturur hem de \u00fcreticiler i\u00e7in artan maliyetler anlam\u0131na gelir. Biz bu noktada, s\u00fcrd\u00fcr\u00fclebilirli\u011fi yaln\u0131zca bir \u00e7evre politikas\u0131 de\u011fil; verimlilik, yasal uyum ve marka [&hellip;]<\/p>\n","protected":false},"author":1,"featured_media":0,"parent":0,"menu_order":0,"comment_status":"closed","ping_status":"closed","template":"","meta":{"footnotes":""},"class_list":["post-4900","page","type-page","status-publish","hentry"],"_links":{"self":[{"href":"https:\/\/kadzekim.com\/index.php?rest_route=\/wp\/v2\/pages\/4900","targetHints":{"allow":["GET"]}}],"collection":[{"href":"https:\/\/kadzekim.com\/index.php?rest_route=\/wp\/v2\/pages"}],"about":[{"href":"https:\/\/kadzekim.com\/index.php?rest_route=\/wp\/v2\/types\/page"}],"author":[{"embeddable":true,"href":"https:\/\/kadzekim.com\/index.php?rest_route=\/wp\/v2\/users\/1"}],"replies":[{"embeddable":true,"href":"https:\/\/kadzekim.com\/index.php?rest_route=%2Fwp%2Fv2%2Fcomments&post=4900"}],"version-history":[{"count":7,"href":"https:\/\/kadzekim.com\/index.php?rest_route=\/wp\/v2\/pages\/4900\/revisions"}],"predecessor-version":[{"id":4952,"href":"https:\/\/kadzekim.com\/index.php?rest_route=\/wp\/v2\/pages\/4900\/revisions\/4952"}],"wp:attachment":[{"href":"https:\/\/kadzekim.com\/index.php?rest_route=%2Fwp%2Fv2%2Fmedia&parent=4900"}],"curies":[{"name":"wp","href":"https:\/\/api.w.org\/{rel}","templated":true}]}}