{"id":4879,"date":"2025-05-16T12:59:54","date_gmt":"2025-05-16T12:59:54","guid":{"rendered":"https:\/\/kadzekim.com\/?page_id=4879"},"modified":"2025-10-03T16:13:58","modified_gmt":"2025-10-03T16:13:58","slug":"ar-ge-ve-surec-gelistirme","status":"publish","type":"page","link":"https:\/\/kadzekim.com\/?page_id=4879","title":{"rendered":"Ar-Ge ve S\u00fcre\u00e7 Geli\u015ftirme"},"content":{"rendered":"\t\t<div data-elementor-type=\"wp-page\" data-elementor-id=\"4879\" class=\"elementor elementor-4879\">\n\t\t\t\t<div class=\"elementor-element elementor-element-e13c1bf e-flex e-con-boxed default-style e-con e-parent\" data-id=\"e13c1bf\" data-element_type=\"container\" data-settings=\"{&quot;rt_color_sets&quot;:&quot;default-style&quot;}\">\n\t\t\t\t\t<div class=\"e-con-inner\">\n\t\t\t\t<div class=\"elementor-element elementor-element-2b804e4 elementor-widget elementor-widget-text-editor\" data-id=\"2b804e4\" data-element_type=\"widget\" data-widget_type=\"text-editor.default\">\n\t\t\t\t<div class=\"elementor-widget-container\">\n\t\t\t\t\t\t\t\t\t<h2 data-start=\"251\" data-end=\"284\">Ar-Ge ve S\u00fcre\u00e7 Geli\u015ftirme<\/h2><p data-start=\"285\" data-end=\"346\"><strong data-start=\"285\" data-end=\"346\">Bilimsel Yakla\u015f\u0131m, Uygulamal\u0131 \u00c7\u00f6z\u00fcm, Sekt\u00f6rel Fark\u0131ndal\u0131k<\/strong><\/p><p data-start=\"348\" data-end=\"689\">G\u0131da end\u00fcstrisinde s\u00fcrd\u00fcr\u00fclebilir b\u00fcy\u00fcmenin anahtar\u0131; yenilik\u00e7i d\u00fc\u015f\u00fcnce, bilimsel y\u00f6ntemler ve sistematik s\u00fcre\u00e7 y\u00f6netimiyle m\u00fcmk\u00fcnd\u00fcr. Tam da bu noktada, i\u015fletmenize \u00f6zel sundu\u011fumuz <strong data-start=\"530\" data-end=\"559\">Ar-Ge ve S\u00fcre\u00e7 Geli\u015ftirme<\/strong> hizmetleri, yaln\u0131zca \u00fcr\u00fcn kalitenizi de\u011fil, ayn\u0131 zamanda \u00fcretim verimlili\u011finizi ve pazardaki rekabet g\u00fcc\u00fcn\u00fcz\u00fc art\u0131rmay\u0131 hedefler.<\/p><h3 data-start=\"691\" data-end=\"742\">Hedefimiz: \u00dcr\u00fcnden S\u00fcrece Uyumlu M\u00fckemmellik<\/h3><p data-start=\"744\" data-end=\"1069\"><span class=\"diff-chunk_chunk__3TftP undefined\">Ar\u2011Ge yakla\u015f\u0131m\u0131m\u0131z; sadece yeni \u00fcr\u00fcn geli\u015ftirmeye de\u011fil, ayn\u0131 zamanda mevcut \u00fcr\u00fcnlerin <\/span><span class=\"diff-chunk_chunk__3TftP diff-chunk_inserted__h6DOS\">proses<\/span><span class=\"diff-chunk_chunk__3TftP undefined\"> optimizasyonuna, fonksiyonel iyile\u015ftirmelere ve <\/span><span class=\"diff-chunk_chunk__3TftP diff-chunk_inserted__h6DOS\">s\u00fcrd\u00fcr\u00fclebilirli\u011fe<\/span><span class=\"diff-chunk_chunk__3TftP undefined\"> y\u00f6neliktir. Bir \u00fcr\u00fcn\u00fcn laboratuvar \u00f6l\u00e7e\u011finden fabrikaya ge\u00e7i\u015fi yaln\u0131zca teknik de\u011fil, stratejik bir planlama gerektirir. Bu nedenle:<\/span><\/p><ul data-start=\"1071\" data-end=\"1273\"><li data-start=\"1071\" data-end=\"1125\"><p data-start=\"1073\" data-end=\"1125\">\u00dcr\u00fcn geli\u015ftirme fikirlerinin fizibilite \u00e7al\u0131\u015fmalar\u0131,<\/p><\/li><li data-start=\"1126\" data-end=\"1154\"><div id=\"text-diff-output-e3ta0gc-text-diff-line-112\" class=\"diff-row_blockEnd__1sxXP\"><div class=\"diff-row_container__6SZ2s diff-row_start__FynVA diff-row_end__OJRO0\"><div class=\"diff-row_row__w1q2w\"><div class=\"diff-line-side side-right diff-row_innerContent__oB_7v diff-row_side__RADzD\"><div class=\"diff-row_sideInner__8lazg\"><div class=\"diff-row-content_content__6yjE1 diff-row-content_inserted__cG8ue diff-row-content_start__uy5SE diff-row-content_end__5Q3g4 undefined\"><span class=\"diff-chunk_chunk__3TftP diff-chunk_inserted__h6DOS\">Proses<\/span><span class=\"diff-chunk_chunk__3TftP undefined\"> maliyet analizleri<\/span><\/div><\/div><\/div><\/div><\/div><\/div><div class=\"diff-block_mergeControlContainer__Giher\"><div class=\"\"><div class=\"merge-block-control_outerContainer__hRqoI\">\u00a0<\/div><\/div><\/div><\/li><li data-start=\"1155\" data-end=\"1198\"><div id=\"text-diff-output-e3ta0gc-text-diff-line-114\" class=\"diff-row_blockEnd__1sxXP\"><div class=\"diff-row_container__6SZ2s diff-row_start__FynVA diff-row_end__OJRO0\"><div class=\"diff-row_row__w1q2w\"><div class=\"diff-line-side side-right diff-row_innerContent__oB_7v diff-row_side__RADzD\"><div class=\"diff-row_sideInner__8lazg\"><div class=\"diff-row-content_content__6yjE1 diff-row-content_inserted__cG8ue diff-row-content_start__uy5SE diff-row-content_end__5Q3g4 undefined\"><span class=\"diff-chunk_chunk__3TftP undefined\">Duyusal ve <\/span><span class=\"diff-chunk_chunk__3TftP diff-chunk_inserted__h6DOS\">analitik<\/span><span class=\"diff-chunk_chunk__3TftP undefined\"> testlerin planlanmas\u0131<\/span><\/div><\/div><\/div><\/div><\/div><\/div><div class=\"diff-block_mergeControlContainer__Giher\"><div class=\"\"><div class=\"merge-block-control_outerContainer__hRqoI\">\u00a0<\/div><\/div><\/div><\/li><li data-start=\"1199\" data-end=\"1240\"><p data-start=\"1201\" data-end=\"1240\">Pilot \u00fcretim ve validasyon \u00e7al\u0131\u015fmalar\u0131,<\/p><\/li><li data-start=\"1241\" data-end=\"1273\"><p data-start=\"1243\" data-end=\"1273\">End\u00fcstriyel \u00f6l\u00e7ek adaptasyonu,<\/p><\/li><\/ul><p data-start=\"1275\" data-end=\"1342\">gibi her a\u015famada dan\u0131\u015fmanl\u0131k ve uygulamal\u0131 teknik destek sunuyoruz.<\/p><hr data-start=\"1344\" data-end=\"1347\" \/><h3 data-start=\"1349\" data-end=\"1413\">Pilot \u00dcretim ve Laboratuvar Testleri ile G\u00fcvenli \u0130lerleme<\/h3><p data-start=\"1415\" data-end=\"1690\">Yat\u0131r\u0131m karar\u0131 almadan \u00f6nce do\u011fru analizler, zaman ve maliyet a\u00e7\u0131s\u0131ndan b\u00fcy\u00fck avantaj sa\u011flar. Bu kapsamda, \u00fcr\u00fcn\u00fcn\u00fcz i\u00e7in laboratuvar testleri, mikrobiyolojik analizler, raf \u00f6mr\u00fc tahminlemesi ve duyusal de\u011ferlendirmeler ile bilimsel temele dayal\u0131 bir geli\u015fim s\u00fcreci sunuyoruz.<\/p><p data-start=\"1692\" data-end=\"1943\">Ayr\u0131ca, laboratuvar ortam\u0131nda geli\u015ftirilen re\u00e7etelerin \u00fcretim \u00f6l\u00e7e\u011finde nas\u0131l davranaca\u011f\u0131n\u0131 g\u00f6rmek i\u00e7in <strong data-start=\"1796\" data-end=\"1823\">pilot \u00fcretim sistemleri<\/strong> ile \u00f6l\u00e7ekleme \u00e7al\u0131\u015fmalar\u0131 yap\u0131yor, potansiyel riskleri \u00f6nceden saptayarak minimum hata ile tam uyumlu ge\u00e7i\u015f sa\u011fl\u0131yoruz.<\/p><hr data-start=\"1945\" data-end=\"1948\" \/><h3 data-start=\"1950\" data-end=\"2018\">S\u00fcre\u00e7 Geli\u015ftirme ile Verimlilik ve Kaliteyi Ayn\u0131 Anda Art\u0131r\u0131n<\/h3><p data-start=\"2020\" data-end=\"2341\">Ar-Ge&#8217;nin bir di\u011fer boyutu ise, mevcut \u00fcretim hatt\u0131nda iyile\u015ftirme ve proses verimlili\u011fi sa\u011flamakt\u0131r. Re\u00e7ete de\u011fi\u015ftirmeden daha verimli \u00fcretim elde etmek, fire oranlar\u0131n\u0131 azaltmak, mikrobiyolojik g\u00fcvenli\u011fi art\u0131rmak ya da katk\u0131 maddelerini optimize etmek gibi hedefler, s\u00fcre\u00e7 geli\u015ftirme kapsam\u0131nda sundu\u011fumuz hizmetlerdir.<\/p><ul data-start=\"2343\" data-end=\"2506\"><li data-start=\"2343\" data-end=\"2376\"><p data-start=\"2345\" data-end=\"2376\">\u00dcretim s\u00fcrelerinin k\u0131salt\u0131lmas\u0131<\/p><\/li><li data-start=\"2377\" data-end=\"2415\"><p data-start=\"2379\" data-end=\"2415\">Enerji ve su t\u00fcketiminin azalt\u0131lmas\u0131<\/p><\/li><li data-start=\"2416\" data-end=\"2437\"><p data-start=\"2418\" data-end=\"2437\">Otomasyon \u00f6nerileri<\/p><\/li><li data-start=\"2438\" data-end=\"2480\"><p data-start=\"2440\" data-end=\"2480\">Kritik kontrol noktalar\u0131n\u0131n belirlenmesi<\/p><\/li><li data-start=\"2481\" data-end=\"2506\"><p data-start=\"2483\" data-end=\"2506\">HACCP ve GMP destekleri<\/p><\/li><\/ul><p data-start=\"2508\" data-end=\"2604\">ile hem operasyonel m\u00fckemmellik sa\u011fl\u0131yoruz hem de kalite kontrol birimlerinize destek sunuyoruz.<\/p><hr data-start=\"2606\" data-end=\"2609\" \/><h3 data-start=\"2611\" data-end=\"2665\">Ar-Ge Departman\u0131n\u0131za D\u0131\u015far\u0131dan Uzmanl\u0131k Deste\u011fi<\/h3><p data-start=\"2667\" data-end=\"2973\">Kendi Ar-Ge biriminiz varsa; s\u00fcre\u00e7lerinizi d\u0131\u015far\u0131dan uzman bir bak\u0131\u015fla destekliyor, farkl\u0131 bak\u0131\u015f a\u00e7\u0131lar\u0131 ve uygulama tecr\u00fcbeleri ile yenilik\u00e7i \u00e7\u00f6z\u00fcmler sunuyoruz. E\u011fer Ar-Ge yat\u0131r\u0131m\u0131 yapacak kadar geni\u015f bir kadronuz yoksa; bizimle y\u00fcr\u00fct\u00fclecek i\u015f birlikleri sayesinde Ar-Ge g\u00fcc\u00fcn\u00fc d\u0131\u015far\u0131dan alm\u0131\u015f olursunuz.<\/p><p data-start=\"2975\" data-end=\"3009\"><strong data-start=\"2978\" data-end=\"3009\">Sizinle birlikte \u00e7al\u0131\u015farak:<\/strong><\/p><ul data-start=\"3010\" data-end=\"3179\"><li data-start=\"3010\" data-end=\"3064\"><p data-start=\"3012\" data-end=\"3064\">Pazar trendlerine uygun \u00fcr\u00fcn fikirleri geli\u015ftiririz.<\/p><\/li><li data-start=\"3065\" data-end=\"3108\"><p data-start=\"3067\" data-end=\"3108\">Maliyet\/performans optimizasyonu yapar\u0131z.<\/p><\/li><li data-start=\"3109\" data-end=\"3179\"><p data-start=\"3111\" data-end=\"3179\">Fonksiyonel, sa\u011fl\u0131kl\u0131, do\u011fal ve s\u00fcrd\u00fcr\u00fclebilir \u00fcr\u00fcnlere odaklan\u0131r\u0131z.<\/p><\/li><\/ul><hr data-start=\"3181\" data-end=\"3184\" \/><h3 data-start=\"3186\" data-end=\"3214\">Sonu\u00e7 Odakl\u0131 Yakla\u015f\u0131m<\/h3><p data-start=\"3216\" data-end=\"3504\">Ar-Ge bizim i\u00e7in yaln\u0131zca bir geli\u015ftirme de\u011fil, <strong data-start=\"3264\" data-end=\"3333\">\u00f6l\u00e7\u00fclebilir sonu\u00e7larla desteklenen stratejik bir b\u00fcy\u00fcme arac\u0131d\u0131r.<\/strong>Ba\u015far\u0131l\u0131 bir Ar-Ge s\u00fcreciyle sadece \u00fcr\u00fcn \u00e7\u0131karmakla kalmaz; ayn\u0131 zamanda m\u00fc\u015fteri memnuniyetini art\u0131r\u0131r, pazara giri\u015f s\u00fcresini k\u0131salt\u0131r ve rekabet g\u00fcc\u00fcn\u00fcz\u00fc y\u00fckseltirsiniz.<\/p>\t\t\t\t\t\t\t\t<\/div>\n\t\t\t\t<\/div>\n\t\t\t\t\t<\/div>\n\t\t\t\t<\/div>\n\t\t\t\t<\/div>\n\t\t","protected":false},"excerpt":{"rendered":"<p>Ar-Ge ve S\u00fcre\u00e7 Geli\u015ftirme Bilimsel Yakla\u015f\u0131m, Uygulamal\u0131 \u00c7\u00f6z\u00fcm, Sekt\u00f6rel Fark\u0131ndal\u0131k G\u0131da end\u00fcstrisinde s\u00fcrd\u00fcr\u00fclebilir b\u00fcy\u00fcmenin anahtar\u0131; yenilik\u00e7i d\u00fc\u015f\u00fcnce, bilimsel y\u00f6ntemler ve sistematik s\u00fcre\u00e7 y\u00f6netimiyle m\u00fcmk\u00fcnd\u00fcr. Tam da bu noktada, i\u015fletmenize \u00f6zel sundu\u011fumuz Ar-Ge ve S\u00fcre\u00e7 Geli\u015ftirme hizmetleri, yaln\u0131zca \u00fcr\u00fcn kalitenizi de\u011fil, ayn\u0131 zamanda \u00fcretim verimlili\u011finizi ve pazardaki rekabet g\u00fcc\u00fcn\u00fcz\u00fc art\u0131rmay\u0131 hedefler. Hedefimiz: \u00dcr\u00fcnden S\u00fcrece Uyumlu M\u00fckemmellik [&hellip;]<\/p>\n","protected":false},"author":1,"featured_media":0,"parent":0,"menu_order":0,"comment_status":"closed","ping_status":"closed","template":"","meta":{"footnotes":""},"class_list":["post-4879","page","type-page","status-publish","hentry"],"_links":{"self":[{"href":"https:\/\/kadzekim.com\/index.php?rest_route=\/wp\/v2\/pages\/4879","targetHints":{"allow":["GET"]}}],"collection":[{"href":"https:\/\/kadzekim.com\/index.php?rest_route=\/wp\/v2\/pages"}],"about":[{"href":"https:\/\/kadzekim.com\/index.php?rest_route=\/wp\/v2\/types\/page"}],"author":[{"embeddable":true,"href":"https:\/\/kadzekim.com\/index.php?rest_route=\/wp\/v2\/users\/1"}],"replies":[{"embeddable":true,"href":"https:\/\/kadzekim.com\/index.php?rest_route=%2Fwp%2Fv2%2Fcomments&post=4879"}],"version-history":[{"count":8,"href":"https:\/\/kadzekim.com\/index.php?rest_route=\/wp\/v2\/pages\/4879\/revisions"}],"predecessor-version":[{"id":5015,"href":"https:\/\/kadzekim.com\/index.php?rest_route=\/wp\/v2\/pages\/4879\/revisions\/5015"}],"wp:attachment":[{"href":"https:\/\/kadzekim.com\/index.php?rest_route=%2Fwp%2Fv2%2Fmedia&parent=4879"}],"curies":[{"name":"wp","href":"https:\/\/api.w.org\/{rel}","templated":true}]}}